. Let s(d) be the second derivative of p(d). Calculate s(-6).
-2
Let k(l) = -l**3 + 2*l**2 + 3*l + 3. Let r be k(-2). Let f(x) = -1 + 12*x + r*x - 2*x**2 - 22*x + x**2. Calculate f(4).
-5
Let c = 6 - 2. Let r(d) = 0 - d**2 - 1 + c*d - 3*d. What is r(0)?
-1
Suppose 26*j + 20 = 22*j. Let r(y) = -y**2 + y + 4. Let v be r(3). Let p(u) = -u**2 - 3*u - 1. Let c(n) = -n - 1. Let a(f) = v*c(f) - p(f). Determine a(j).
3
Let l(m) be the third derivative of m**6/120 + m**5/15 + m**4/12 - m**3/6 - 26*m**2. Give l(-3).
2
Let h be (-1*-3*4)/2. Suppose -r = r + h. Let c(j) = j**2 + 2*j + 3. Give c(r).
6
Let f(z) = 2*z - 4. Let u(x) = 3*x - 6. Let s(o) = 8*f(o) - 5*u(o). Let d(l) = 3*l - 1. Let h be d(2). Suppose -h*k = -2*k + 12. Give s(k).
-6
Let w(m) = 2*m**2 - 3*m - 7. Let d(b) = b**2 + b - 1. Let y(u) = 3*d(u) - w(u). Suppose 3*k - 2*a + 7*a = -48, 4*a + 32 = -2*k. Let t = k - -10. Calculate y(t).
4
Let a(z) = -6*z**2 - 3 + 8*z**2 - 9*z**2 - z**3. Calculate a(-7).
-3
Let d(a) be the first derivative of 2*a**2 + 6*a - 1. Let i(n) = 3 + n + n + 0*n. Let l(y) = 4*d(y) - 7*i(y). Calculate l(-3).
-3
Let m(n) = -n**2 - n - 1. Suppose -h = 5*t - 21, -3*t - 8 = -4*t - 4*h. Suppose t = 5*c - 6. Give m(c).
-7
Let a(y) = y**3 + 9*y**2 + 4*y + 5. Let u(o) = -o**3 - 10*o**2 - 4*o - 6. Let q(x) = 5*a(x) + 4*u(x). Calculate q(-4).
1
Let w(k) be the first derivative of -k**4/4 + 5*k - 6. Let a be (2 + -2)*(-2)/(-6). Suppose -o - o = a. Calculate w(o).
5
Suppose -o + 3*g = 1, 2*o + 23 = -3*o - 3*g. Let h(d) be the third derivative of 1/60*d**5 + 0 + 1/8*d**4 + 0*d - 4*d**2 + 1/6*d**3. What is h(o)?
5
Let v(o) = -10*o**3 - 2*o**2 - 3*o - 3. Let x be v(-1). Let y(r) = -r**3 + 7*r**2 + 9*r + 6. What is y(x)?
14
Let b(f) be the first derivative of f**6/180 - f**5/40 - f**4/8 + 2*f**3/3 - 1. Let a(o) be the third derivative of b(o). Determine a(-2).
11
Let a(q) = -q**3 - 5*q**2 + q + 4. Let r be a(-5). Suppose 0 = o + 3*o - 8. Let d(f) = -2*f**2 + 0 - 1 + 0*f**2 - f**o. Determine d(r).
-4
Let z(q) = -4*q + 0 + 3 + q**2 + 2*q - 4*q. Determine z(4).
-5
Suppose -2 = p - 0. Let f be 5/p*(1 + -3). Let h(w) = -w + 1. Calculate h(f).
-4
Let k(z) = z**2 - 6*z - 1. Let t(v) = v**3 + 10*v**2 + 19*v - 9. Let u be t(-7). Give k(u).
-6
Let j = -2 - -12. Suppose -5*n - j = 5*l, 2*n + 4 = l + 3*l. Suppose -5*y + 3*y - 2 = l. Let w(z) = -z**3 + z**2. What is w(y)?
2
Suppose g + 4 = 8. Let y(o) = -o**3 + 4*o**2 + 2*o - 1. What is y(g)?
7
Suppose 5*m + 2 = -j + 7, -2*j - 3*m - 4 = 0. Let d(q) = q**2 + 0 + 7*q + q**2 - 6*q**2 - q**3 + 4. Give d(j).
-6
Let w(q) = -15*q - 1. Suppose 7 = 6*l + 1. Give w(l).
-16
Let q(i) = -3*i**3 + i**2 - 2*i - 2. Let t be q(-1). Let s(d) = -2*d - 3. Give s(t).
-11
Let k = -3 + 8. Let r(y) = -5*y + 1. Let m(w) = -w - 1. Let o(z) = -2*z + 2. Let i(h) = 2*m(h) + 2*o(h). Let l(p) = 6*i(p) - 7*r(p). Give l(k).
0
Let y be (-42)/(-2) + 4 + -2. Let p(d) = -4*d**3 - 2*d**2 - 1. Let j be p(-2). Let w(g) = j + 6*g - y. Give w(1).
6
Suppose 0*x = -u + x - 12, 0 = -4*u - 5*x - 3. Let b = 9 + u. Let p(y) = y**3 + 2*y**2 - 3*y + 3. Determine p(b).
13
Let g(l) = 2*l**2 - l**2 - 3*l + 8*l - 1 - l**3 - 1. Give g(3).
-5
Let c(f) = 2*f - 3. Suppose t = -3*u + 121, -4*u + 5*t = 40 - 195. Suppose -o + 5*o = -u. Let i be 15/o*16/(-6). What is c(i)?
5
Let u(o) = -3*o**2 + 2 + o**2 - o - 3 + 4*o**2. Determine u(-2).
9
Let a(t) = -21*t**2 + 12*t - 17. Let d(l) = 5*l**2 - 3*l + 4. Let i(x) = 2*a(x) + 9*d(x). Let c(v) = 7*v**2 - 7*v + 5. Let w(j) = 2*c(j) - 5*i(j). Give w(2).
-2
Let o(m) = 1 - 4*m**3 - 6 - 3 + 5*m**3 + 6*m - 7*m**2. Calculate o(6).
-8
Suppose 0 = 3*c - 10 - 2. Suppose 0*q = -2*q. Suppose -c*g - 7 = -7*g + p, q = -3*g - 4*p + 32. Let n(r) = r**2 - 3*r + 6. Calculate n(g).
10
Let i(p) = -4*p. Suppose -6*j + 2*j = -32. Suppose j*x = 10*x + 4. Give i(x).
8
Suppose 1 = h - 4*g + 3, -5*h - g = -11. Let u(s) = s**2 - s + 1. What is u(h)?
3
Let h(m) = 10*m + m + 1 + m**2 - 8*m. Let j be h(-3). Let v(o) = -7*o**2 + 2*o - 1. What is v(j)?
-6
Let c(r) = -3*r**2 - 2*r - 5. Let y(n) = 1. Let l(p) = c(p) + 2*y(p). What is l(-2)?
-11
Let b(x) = 15*x + 3*x**2 - x**3 - 14*x + 7 - 5. Let t = -3 + 5. Determine b(t).
8
Suppose 67*z - 66*z + 3 = 0. Let h(q) = 4*q + 4. Calculate h(z).
-8
Let y(k) = 3 - 11 + 2*k + 0*k - k. Let h be y(6). Let v(d) = -d**3 - 3*d**2 + 1. What is v(h)?
-3
Let t = -18 - 8. Let y = -25 - t. Let d(v) = 23*v**3 - 13*v**2 + 15. Let o(u) = 11*u**3 - 6*u**2 + 7. Let b(x) = -6*d(x) + 13*o(x). What is b(y)?
6
Let r(w) be the third derivative of w**5/15 - w**3/3 - 11*w**2. What is r(-2)?
14
Let l(q) be the first derivative of 0*q + 2 + 0*q**2 - 1/40*q**5 + 1/12*q**4 + 1/3*q**3 - 1/360*q**6. Let f(r) be the third derivative of l(r). What is f(2)?
-8
Let g = -1 + 1. Let d(v) = v - 6 + 36*v**2 + 3*v**3 - 35*v**2 - 4*v**3. Calculate d(g).
-6
Let n(c) be the first derivative of -c**4/4 + c**3 + c**2 - 3*c - 4. Give n(3).
3
Let v(n) = n**3 + 4*n**2. Suppose 80 = 4*s - 4*t, -5*s + 3*s - 4*t = -40. Suppose -5*m = -0*m + s. Give v(m).
0
Let w(v) be the second derivative of -2*v**3/3 - v**2 + v + 16. Suppose -3*t - 5 = 3*g + 13, -g + 4*t + 14 = 0. Let a = 0 - g. Calculate w(a).
-10
Let d be (-3 - -1)/2*-1. Let m(c) be the third derivative of 0 + c**2 + 1/6*c**3 + 0*c**4 + 0*c**5 + 0*c + 1/60*c**6. Calculate m(d).
3
Suppose 0 = x - 3, -4*c + x = -c + 93. Let z be (3/2)/((-9)/c). Let d(t) = 4*t**2 - t + 1 - z*t**2 + 6*t**2. Calculate d(1).
5
Let s(h) = 2*h**3 + 13*h**2 - 19*h. Let g(m) = -3*m**3 - 20*m**2 + 29*m. Let y(u) = -5*g(u) - 8*s(u). Let l be (1/(-2))/(3/30). Calculate y(l).
-10
Let o(b) = -6 + 14 - 11 + b. Give o(2).
-1
Let l = 8 - 5. Suppose 3*w = -s + l*s - 9, 2*w = -2. Let p(k) = 2*k - 3 + 0 + 0*k. Calculate p(s).
3
Let d be -2*3*(-6)/(-27)*-6. Let r(t) = -t**3 + 9*t**2 - 6*t - 7. Give r(d).
9
Let m(w) = -2*w**2 - 3*w + 3. Let h(p) = 6*p**2 + 2*p - 2. Let g be h(1). Suppose -f - g = f. What is m(f)?
-6
Let x(j) = 10*j - 13 + 6 - 4 - j**2. Determine x(9).
-2
Let b(f) = -103*f + 52*f + 48*f + f**3 + 6*f**2 - 9. Give b(-6).
9
Let j(r) be the third derivative of r**6/720 - r**5/40 + r**4/8 + r**2. Let i(l) be the second derivative of j(l). Determine i(4).
1
Let p(v) be the second derivative of -v**5/20 + v**4/12 + v**3/6 + 7*v**2/2 - 4*v. Calculate p(0).
7
Let k(v) = v**3 + v**2 - 11. Let g(t) = 4*t**2 - 20*t. Let q be g(5). Give k(q).
-11
Let s(r) = r + 7 + 12 + 6 - 29. Determine s(0).
-4
Let u(q) = -2*q + 3. Let z(d) = d - 2. Let w(k) = -2*u(k) - 5*z(k). Calculate w(4).
0
Let m = 8 - 5. Let h(p) = -1 + 2*p - 2*p**3 - 2*p**m + 0*p**3 - 3*p. Calculate h(-1).
4
Let k(h) = 5*h**3 - 8*h**2 - 11*h - 2. Let q(l) = -3*l**3 + 4*l**2 + 6*l + 1. Let v(n) = -4*k(n) - 7*q(n). What is v(-4)?
-7
Let g(o) = -2*o**2 - 2*o + 1. Let f be 1/(-1 - 7/(-6)). Let x(h) = h**2 - 7*h + 8. Let l be x(f). Let d = l + -4. What is g(d)?
-3
Let t(l) = l**3 - l**2 - 4*l + 1. Let x = -11 + 14. Calculate t(x).
7
Let w(c) = -c - 2. Let p = 90 + -101. Determine w(p).
9
Let x be (-1 - -2) + -4 + 2. Let y(j) = j**2 + 17*j - 16. Let s be y(-18). Let m(c) = 4 - s*c + 9*c - 13*c - 3. Calculate m(x).
7
Let o be 2/(-3) - (-16)/6. Let r(y) = 3 + 0 + y**o - 4*y + 0 - 1. Calculate r(4).
2
Let u(v) be the first derivative of 0*v + 1/15*v**5 - 1 - 1/2*v**2 + 1/6*v**3 + 1/24*v**4. Let x(c) be the second derivative of u(c). Calculate x(-1).
4
Let i be (-4)/(-10) - 2/5. Let k = -3 + i. Let j(h) = -5*h + 6*h + 0*h + 6. Give j(k).
3
Let u(h) = h**3 - 6*h**2 + 7*h - 5. Let t be u(5). Suppose -t*d + 3*d + 2 = 0. Let i(n) = 2*n + 2. Let q(l) = -20*l - 9. Let g(r) = 5*i(r) + q(r). What is g(d)?
-9
Let x(g) = g + 8. Suppose 0 = -11*n - 50 - 49. Give x(n).
-1
Let b(t) = -3*t - 25. Let u be b(-10). Let h(w) = w + u - 6*w**2 + 11*w**2 + 8*w - 2*w + w**3. What is h(-4)?
-7
Let n(x) = x**2 + 3*x + 1. Let t = 14 - 18. Give n(t).
5
Let b(j) = 3 + 3 - j + 4 - 4. Give b(5).
1
Let h(r) = -3*r**2 + 9*r**3 - 3*r - 9*r**3 - r**3 - 2. Give h(-3).
7
Suppose -3*u - 2*p - 21 = -4*p, 19 = -5*u - 2*p. Let c(k) = -9*k**2 + 27*k + 12. Let r(n) = -5*n**2 + 14*n + 6. Let i(b) = 6*c(b) - 11*r(b). What is i(u)?
-9
Let i(l) = 3*l**3 - 4*l**2 + 4*l - 2. Suppose 11 + 19 = 3*u. Let y = 12 - u. What is i(y)?
14
Suppose -2 = -2*h + 2. Let c(a) = a**2 - a + 4. Le